{"id":2494,"date":"2024-10-04T10:23:47","date_gmt":"2024-10-04T15:23:47","guid":{"rendered":"https:\/\/soluteccol.com\/nuevapag\/?post_type=product&#038;p=2494"},"modified":"2024-10-04T10:57:09","modified_gmt":"2024-10-04T15:57:09","slug":"toshiba-estudio-4515ac-5015ac","status":"publish","type":"product","link":"https:\/\/soluteccol.com\/nuevapag\/product\/toshiba-estudio-4515ac-5015ac\/","title":{"rendered":"Toshiba Estudio 4515AC\/5015AC"},"content":{"rendered":"<p>GENERAL<br \/>\nTiempo de calentamiento Aprox. 20 segundos<br \/>\nPrimera velocidad de salida B\/N\/Color 4.4\/4.4 &#8211; 5.7\/5.7 segundos<br \/>\nVelocidad de salida continua: 45\/55 p\u00e1ginas por minuto<br \/>\nMemoria &#8211; Est\u00e1ndar 4 GB<br \/>\nHDD &#8211; Est\u00e1ndar 320 GB<br \/>\nDimensiones (An x Pr x Al) 23\u201d x 25.2\u201d x 31\u201d<br \/>\nPeso 78 kilos<br \/>\nFuente de alimentaci\u00f3n 120 Volts, 50\/60 Hz, 12 Amps<\/p>\n","protected":false},"excerpt":{"rendered":"<p>GENERAL Tiempo de calentamiento Aprox. 20 segundos Primera velocidad de salida B\/N\/Color 4.4\/4.4 &#8211; 5.7\/5.7 segundos Velocidad de salida continua: 45\/55 p\u00e1ginas por minuto Memoria &#8211; Est\u00e1ndar 4 GB HDD &#8211; Est\u00e1ndar 320 GB Dimensiones (An x Pr x Al) 23\u201d x 25.2\u201d x 31\u201d Peso 78 kilos Fuente de alimentaci\u00f3n 120 Volts, 50\/60 Hz, [&#8230;]\n","protected":false},"featured_media":2459,"comment_status":"open","ping_status":"closed","template":"","meta":[],"yoast_head":"<!-- This site is optimized with the Yoast SEO Premium plugin v16.2 - https:\/\/yoast.com\/wordpress\/plugins\/seo\/ -->\n<title>Toshiba Estudio 4515AC\/5015AC - Solutec<\/title>\n<meta name=\"robots\" content=\"index, follow, max-snippet:-1, max-image-preview:large, max-video-preview:-1\" \/>\n<link rel=\"canonical\" href=\"https:\/\/soluteccol.com\/nuevapag\/product\/toshiba-estudio-4515ac-5015ac\/\" \/>\n<meta property=\"og:locale\" content=\"es_ES\" \/>\n<meta property=\"og:type\" content=\"article\" \/>\n<meta property=\"og:title\" content=\"Toshiba Estudio 4515AC\/5015AC - Solutec\" \/>\n<meta property=\"og:description\" content=\"GENERAL Tiempo de calentamiento Aprox. 20 segundos Primera velocidad de salida B\/N\/Color 4.4\/4.4 &#8211; 5.7\/5.7 segundos Velocidad de salida continua: 45\/55 p\u00e1ginas por minuto Memoria &#8211; Est\u00e1ndar 4 GB HDD &#8211; Est\u00e1ndar 320 GB Dimensiones (An x Pr x Al) 23\u201d x 25.2\u201d x 31\u201d Peso 78 kilos Fuente de alimentaci\u00f3n 120 Volts, 50\/60 Hz, [...]\" \/>\n<meta property=\"og:url\" content=\"https:\/\/soluteccol.com\/nuevapag\/product\/toshiba-estudio-4515ac-5015ac\/\" \/>\n<meta property=\"og:site_name\" content=\"Solutec\" \/>\n<meta property=\"article:modified_time\" content=\"2024-10-04T15:57:09+00:00\" \/>\n<meta property=\"og:image\" content=\"https:\/\/soluteccol.com\/nuevapag\/wp-content\/uploads\/2024\/10\/Artboard-1imagen4515.jpg\" \/>\n\t<meta property=\"og:image:width\" content=\"1080\" \/>\n\t<meta property=\"og:image:height\" content=\"1080\" \/>\n<meta name=\"twitter:card\" content=\"summary_large_image\" \/>\n<meta name=\"twitter:label1\" content=\"Precio\">\n\t<meta name=\"twitter:data1\" content=\"\">\n\t<meta name=\"twitter:label2\" content=\"Availability\">\n\t<meta name=\"twitter:data2\" content=\"In stock\">\n<script type=\"application\/ld+json\" class=\"yoast-schema-graph\">{\"@context\":\"https:\/\/schema.org\",\"@graph\":[{\"@type\":\"WebSite\",\"@id\":\"https:\/\/soluteccol.com\/nuevapag\/#website\",\"url\":\"https:\/\/soluteccol.com\/nuevapag\/\",\"name\":\"Solutec\",\"description\":\"\",\"potentialAction\":[{\"@type\":\"SearchAction\",\"target\":\"https:\/\/soluteccol.com\/nuevapag\/?s={search_term_string}\",\"query-input\":\"required name=search_term_string\"}],\"inLanguage\":\"es\"},{\"@type\":\"ImageObject\",\"@id\":\"https:\/\/soluteccol.com\/nuevapag\/product\/toshiba-estudio-4515ac-5015ac\/#primaryimage\",\"inLanguage\":\"es\",\"url\":\"https:\/\/soluteccol.com\/nuevapag\/wp-content\/uploads\/2024\/10\/Artboard-1imagen4515.jpg\",\"contentUrl\":\"https:\/\/soluteccol.com\/nuevapag\/wp-content\/uploads\/2024\/10\/Artboard-1imagen4515.jpg\",\"width\":1080,\"height\":1080},{\"@type\":\"WebPage\",\"@id\":\"https:\/\/soluteccol.com\/nuevapag\/product\/toshiba-estudio-4515ac-5015ac\/#webpage\",\"url\":\"https:\/\/soluteccol.com\/nuevapag\/product\/toshiba-estudio-4515ac-5015ac\/\",\"name\":\"Toshiba Estudio 4515AC\/5015AC - Solutec\",\"isPartOf\":{\"@id\":\"https:\/\/soluteccol.com\/nuevapag\/#website\"},\"primaryImageOfPage\":{\"@id\":\"https:\/\/soluteccol.com\/nuevapag\/product\/toshiba-estudio-4515ac-5015ac\/#primaryimage\"},\"datePublished\":\"2024-10-04T15:23:47+00:00\",\"dateModified\":\"2024-10-04T15:57:09+00:00\",\"breadcrumb\":{\"@id\":\"https:\/\/soluteccol.com\/nuevapag\/product\/toshiba-estudio-4515ac-5015ac\/#breadcrumb\"},\"inLanguage\":\"es\",\"potentialAction\":[{\"@type\":\"ReadAction\",\"target\":[\"https:\/\/soluteccol.com\/nuevapag\/product\/toshiba-estudio-4515ac-5015ac\/\"]}]},{\"@type\":\"BreadcrumbList\",\"@id\":\"https:\/\/soluteccol.com\/nuevapag\/product\/toshiba-estudio-4515ac-5015ac\/#breadcrumb\",\"itemListElement\":[{\"@type\":\"ListItem\",\"position\":1,\"item\":{\"@type\":\"WebPage\",\"@id\":\"https:\/\/soluteccol.com\/nuevapag\/\",\"url\":\"https:\/\/soluteccol.com\/nuevapag\/\",\"name\":\"Inicio\"}},{\"@type\":\"ListItem\",\"position\":2,\"item\":{\"@type\":\"WebPage\",\"@id\":\"https:\/\/soluteccol.com\/nuevapag\/tienda\/\",\"url\":\"https:\/\/soluteccol.com\/nuevapag\/tienda\/\",\"name\":\"Tienda\"}},{\"@type\":\"ListItem\",\"position\":3,\"item\":{\"@id\":\"https:\/\/soluteccol.com\/nuevapag\/product\/toshiba-estudio-4515ac-5015ac\/#webpage\"}}]}]}<\/script>\n<!-- \/ Yoast SEO Premium plugin. -->","_links":{"self":[{"href":"https:\/\/soluteccol.com\/nuevapag\/wp-json\/wp\/v2\/product\/2494"}],"collection":[{"href":"https:\/\/soluteccol.com\/nuevapag\/wp-json\/wp\/v2\/product"}],"about":[{"href":"https:\/\/soluteccol.com\/nuevapag\/wp-json\/wp\/v2\/types\/product"}],"replies":[{"embeddable":true,"href":"https:\/\/soluteccol.com\/nuevapag\/wp-json\/wp\/v2\/comments?post=2494"}],"wp:featuredmedia":[{"embeddable":true,"href":"https:\/\/soluteccol.com\/nuevapag\/wp-json\/wp\/v2\/media\/2459"}],"wp:attachment":[{"href":"https:\/\/soluteccol.com\/nuevapag\/wp-json\/wp\/v2\/media?parent=2494"}],"curies":[{"name":"wp","href":"https:\/\/api.w.org\/{rel}","templated":true}]}}